{"version":"1.0","provider_name":"R\u00e9seau Mondial de Pri\u00e8re du Pape","provider_url":"https:\/\/www.popesprayer.va\/fr\/","title":"Intentions de pri\u00e8re du Pape pour 2027 - R\u00e9seau Mondial de Pri\u00e8re du Pape","type":"rich","width":600,"height":338,"html":"<blockquote class=\"wp-embedded-content\" data-secret=\"M5ZfSfWMbK\"><a href=\"https:\/\/www.popesprayer.va\/fr\/intentions-de-priere-du-pape-pour-2027\/\">Intentions de pri\u00e8re du Pape pour 2027<\/a><\/blockquote><iframe sandbox=\"allow-scripts\" security=\"restricted\" src=\"https:\/\/www.popesprayer.va\/fr\/intentions-de-priere-du-pape-pour-2027\/embed\/#?secret=M5ZfSfWMbK\" width=\"600\" height=\"338\" title=\"&#8220;Intentions de pri\u00e8re du Pape pour 2027&#8221; &#8212; R\u00e9seau Mondial de Pri\u00e8re du Pape\" data-secret=\"M5ZfSfWMbK\" frameborder=\"0\" marginwidth=\"0\" marginheight=\"0\" scrolling=\"no\" class=\"wp-embedded-content\"><\/iframe><script>\n\/*! This file is auto-generated *\/\n!function(d,l){\"use strict\";l.querySelector&&d.addEventListener&&\"undefined\"!=typeof URL&&(d.wp=d.wp||{},d.wp.receiveEmbedMessage||(d.wp.receiveEmbedMessage=function(e){var t=e.data;if((t||t.secret||t.message||t.value)&&!\/[^a-zA-Z0-9]\/.test(t.secret)){for(var s,r,n,a=l.querySelectorAll('iframe[data-secret=\"'+t.secret+'\"]'),o=l.querySelectorAll('blockquote[data-secret=\"'+t.secret+'\"]'),c=new RegExp(\"^https?:$\",\"i\"),i=0;i<o.length;i++)o[i].style.display=\"none\";for(i=0;i<a.length;i++)s=a[i],e.source===s.contentWindow&&(s.removeAttribute(\"style\"),\"height\"===t.message?(1e3<(r=parseInt(t.value,10))?r=1e3:~~r<200&&(r=200),s.height=r):\"link\"===t.message&&(r=new URL(s.getAttribute(\"src\")),n=new URL(t.value),c.test(n.protocol))&&n.host===r.host&&l.activeElement===s&&(d.top.location.href=t.value))}},d.addEventListener(\"message\",d.wp.receiveEmbedMessage,!1),l.addEventListener(\"DOMContentLoaded\",function(){for(var e,t,s=l.querySelectorAll(\"iframe.wp-embedded-content\"),r=0;r<s.length;r++)(t=(e=s[r]).getAttribute(\"data-secret\"))||(t=Math.random().toString(36).substring(2,12),e.src+=\"#?secret=\"+t,e.setAttribute(\"data-secret\",t)),e.contentWindow.postMessage({message:\"ready\",secret:t},\"*\")},!1)))}(window,document);\n\/\/# sourceURL=https:\/\/www.popesprayer.va\/wp-includes\/js\/wp-embed.min.js\n<\/script>\n","thumbnail_url":"https:\/\/www.popesprayer.va\/wp-content\/uploads\/2026\/09\/intentions-2027.png","thumbnail_width":1920,"thumbnail_height":1080,"description":"Prions avec le Pape, mois apr\u00e8s mois\u2026 et changeons le monde. Les intentions de pri\u00e8re du Pape naissent de la compassion pour le monde et expriment les d\u00e9fis de l\u2019humanit\u00e9 et de la mission de l\u2019\u00c9glise. Lorsque le Souverain Pontife nous confie ses intentions de pri\u00e8re, il nous aide \u00e0 nous approcher du C\u0153ur du [&hellip;]"}

Réseau Mondial de Prière du Pape

Intentions de prière du Pape pour 2027 - Réseau Mondial de Prière du Pape

<blockquote class="wp-embedded-content" data-secret="M5ZfSfWMbK"><a href="https://www.popesprayer.va/fr/intentions-de-priere-du-pape-pour-2027/">Intentions de prière du Pape pour 2027</a></blockquote><iframe sandbox="allow-scripts" security="restricted" src="https://www.popesprayer.va/fr/intentions-de-priere-du-pape-pour-2027/embed/#?secret=M5ZfSfWMbK" width="600" height="338" title="&#8220;Intentions de prière du Pape pour 2027&#8221; &#8212; Réseau Mondial de Prière du Pape" data-secret="M5ZfSfWMbK" frameborder="0" marginwidth="0" marginheight="0" scrolling="no" class="wp-embedded-content"></iframe><script>
/*! This file is auto-generated */
!function(d,l){"use strict";l.querySelector&&d.addEventListener&&"undefined"!=typeof URL&&(d.wp=d.wp||{},d.wp.receiveEmbedMessage||(d.wp.receiveEmbedMessage=function(e){var t=e.data;if((t||t.secret||t.message||t.value)&&!/[^a-zA-Z0-9]/.test(t.secret)){for(var s,r,n,a=l.querySelectorAll('iframe[data-secret="'+t.secret+'"]'),o=l.querySelectorAll('blockquote[data-secret="'+t.secret+'"]'),c=new RegExp("^https?:$","i"),i=0;i<o.length;i++)o[i].style.display="none";for(i=0;i<a.length;i++)s=a[i],e.source===s.contentWindow&&(s.removeAttribute("style"),"height"===t.message?(1e3<(r=parseInt(t.value,10))?r=1e3:~~r<200&&(r=200),s.height=r):"link"===t.message&&(r=new URL(s.getAttribute("src")),n=new URL(t.value),c.test(n.protocol))&&n.host===r.host&&l.activeElement===s&&(d.top.location.href=t.value))}},d.addEventListener("message",d.wp.receiveEmbedMessage,!1),l.addEventListener("DOMContentLoaded",function(){for(var e,t,s=l.querySelectorAll("iframe.wp-embedded-content"),r=0;r<s.length;r++)(t=(e=s[r]).getAttribute("data-secret"))||(t=Math.random().toString(36).substring(2,12),e.src+="#?secret="+t,e.setAttribute("data-secret",t)),e.contentWindow.postMessage({message:"ready",secret:t},"*")},!1)))}(window,document);
//# sourceURL=https://www.popesprayer.va/wp-includes/js/wp-embed.min.js
</script>

Prions avec le Pape, mois après mois… et changeons le monde. Les intentions de prière du Pape naissent de la compassion pour le monde et expriment les défis de l’humanité et de la mission de l’Église. Lorsque le Souverain Pontife nous confie ses intentions de prière, il nous aide à nous approcher du Cœur du [&hellip;]
