{"version":"1.0","provider_name":"Rete Mondiale di Preghiera del Papa","provider_url":"https:\/\/www.popesprayer.va\/it\/","title":"Viaggio apostolico del Direttore Internazionale in Vietnam - Rete Mondiale di Preghiera del Papa","type":"rich","width":600,"height":338,"html":"<blockquote class=\"wp-embedded-content\" data-secret=\"FJijrZng5z\"><a href=\"https:\/\/www.popesprayer.va\/it\/viaggio-apostolico-del-direttore-internazionale-in-vietnam\/\">Viaggio apostolico del Direttore Internazionale in Vietnam<\/a><\/blockquote><iframe sandbox=\"allow-scripts\" security=\"restricted\" src=\"https:\/\/www.popesprayer.va\/it\/viaggio-apostolico-del-direttore-internazionale-in-vietnam\/embed\/#?secret=FJijrZng5z\" width=\"600\" height=\"338\" title=\"&#8220;Viaggio apostolico del Direttore Internazionale in Vietnam&#8221; &#8212; Rete Mondiale di Preghiera del Papa\" data-secret=\"FJijrZng5z\" frameborder=\"0\" marginwidth=\"0\" marginheight=\"0\" scrolling=\"no\" class=\"wp-embedded-content\"><\/iframe><script type=\"text\/javascript\">\n\/* <![CDATA[ *\/\n\/*! This file is auto-generated *\/\n!function(d,l){\"use strict\";l.querySelector&&d.addEventListener&&\"undefined\"!=typeof URL&&(d.wp=d.wp||{},d.wp.receiveEmbedMessage||(d.wp.receiveEmbedMessage=function(e){var t=e.data;if((t||t.secret||t.message||t.value)&&!\/[^a-zA-Z0-9]\/.test(t.secret)){for(var s,r,n,a=l.querySelectorAll('iframe[data-secret=\"'+t.secret+'\"]'),o=l.querySelectorAll('blockquote[data-secret=\"'+t.secret+'\"]'),c=new RegExp(\"^https?:$\",\"i\"),i=0;i<o.length;i++)o[i].style.display=\"none\";for(i=0;i<a.length;i++)s=a[i],e.source===s.contentWindow&&(s.removeAttribute(\"style\"),\"height\"===t.message?(1e3<(r=parseInt(t.value,10))?r=1e3:~~r<200&&(r=200),s.height=r):\"link\"===t.message&&(r=new URL(s.getAttribute(\"src\")),n=new URL(t.value),c.test(n.protocol))&&n.host===r.host&&l.activeElement===s&&(d.top.location.href=t.value))}},d.addEventListener(\"message\",d.wp.receiveEmbedMessage,!1),l.addEventListener(\"DOMContentLoaded\",function(){for(var e,t,s=l.querySelectorAll(\"iframe.wp-embedded-content\"),r=0;r<s.length;r++)(t=(e=s[r]).getAttribute(\"data-secret\"))||(t=Math.random().toString(36).substring(2,12),e.src+=\"#?secret=\"+t,e.setAttribute(\"data-secret\",t)),e.contentWindow.postMessage({message:\"ready\",secret:t},\"*\")},!1)))}(window,document);\n\/\/# sourceURL=https:\/\/www.popesprayer.va\/wp-includes\/js\/wp-embed.min.js\n\/* ]]> *\/\n<\/script>\n","thumbnail_url":"https:\/\/www.popesprayer.va\/wp-content\/uploads\/2025\/12\/PRINCIPAL-v.jpg","thumbnail_width":1920,"thumbnail_height":1081,"description":"Dal 18 al 21 dicembre, P. Crist\u00f3bal Fones SJ, Direttore Internazionale della Rete Mondiale di Preghiera del Papa, ha compiuto una visita pastorale in Vietnam per accompagnare alcune comunit\u00e0 della Rete e gruppi del Movimento Eucaristico Giovanile (MEG). La visita \u00e8 iniziata con un incontro con l&#8217;equipe nazionale presso la sede operativa, dove \u00e8 stata [&hellip;]"}

Dal 18 al 21 dicembre, P. Cristóbal Fones SJ, Direttore Internazionale della Rete Mondiale di Preghiera del Papa, ha compiuto una visita pastorale in Vietnam per accompagnare alcune comunità della Rete e gruppi del Movimento Eucaristico Giovanile (MEG). La visita è iniziata con un incontro con l&#8217;equipe nazionale presso la sede operativa, dove è stata [&hellip;]
