{"id":85523,"date":"2025-09-23T20:19:43","date_gmt":"2025-09-23T18:19:43","guid":{"rendered":"https:\/\/www.popesprayer.va\/resource\/intencoes-de-oracao-do-papa-para-2026\/"},"modified":"2026-03-18T13:32:03","modified_gmt":"2026-03-18T12:32:03","slug":"intencoes-de-oracao-do-papa-2026","status":"publish","type":"resource","link":"https:\/\/www.popesprayer.va\/pt-pt\/resource\/intencoes-de-oracao-do-papa-2026\/","title":{"rendered":"Inten\u00e7\u00f5es de ora\u00e7\u00e3o do Papa para 2026"},"featured_media":88136,"template":"","resources-category":[36],"class_list":["post-85523","resource","type-resource","status-publish","has-post-thumbnail","hentry","resources-category-highlights"],"acf":[],"yoast_head":"<!-- This site is optimized with the Yoast SEO plugin v27.4 - https:\/\/yoast.com\/product\/yoast-seo-wordpress\/ -->\n<title>Inten\u00e7\u00f5es de ora\u00e7\u00e3o do Papa para 2026 - Rede Mundial de Ora\u00e7\u00e3o do Papa<\/title>\n<meta name=\"robots\" content=\"index, follow, max-snippet:-1, max-image-preview:large, max-video-preview:-1\" \/>\n<link rel=\"canonical\" href=\"https:\/\/www.popesprayer.va\/pt-pt\/resource\/intencoes-de-oracao-do-papa-2026\/\" \/>\n<meta property=\"og:locale\" content=\"pt_PT\" \/>\n<meta property=\"og:type\" content=\"article\" \/>\n<meta property=\"og:title\" content=\"Inten\u00e7\u00f5es de ora\u00e7\u00e3o do Papa para 2026 - Rede Mundial de Ora\u00e7\u00e3o do Papa\" \/>\n<meta property=\"og:url\" content=\"https:\/\/www.popesprayer.va\/pt-pt\/resource\/intencoes-de-oracao-do-papa-2026\/\" \/>\n<meta property=\"og:site_name\" content=\"Rede Mundial de Ora\u00e7\u00e3o do Papa\" \/>\n<meta property=\"article:modified_time\" content=\"2026-03-18T12:32:03+00:00\" \/>\n<meta property=\"og:image\" content=\"https:\/\/www.popesprayer.va\/wp-content\/uploads\/2025\/09\/descarga-21-scaled.jpeg\" \/>\n\t<meta property=\"og:image:width\" content=\"2049\" \/>\n\t<meta property=\"og:image:height\" content=\"2560\" \/>\n\t<meta property=\"og:image:type\" content=\"image\/jpeg\" \/>\n<meta name=\"twitter:card\" content=\"summary_large_image\" \/>\n<meta name=\"twitter:label1\" content=\"Tempo estimado de leitura\" \/>\n\t<meta name=\"twitter:data1\" content=\"1 minute\" \/>\n<script type=\"application\/ld+json\" class=\"yoast-schema-graph\">{\"@context\":\"https:\\\/\\\/schema.org\",\"@graph\":[{\"@type\":\"WebPage\",\"@id\":\"https:\\\/\\\/www.popesprayer.va\\\/pt-pt\\\/resource\\\/intencoes-de-oracao-do-papa-2026\\\/\",\"url\":\"https:\\\/\\\/www.popesprayer.va\\\/pt-pt\\\/resource\\\/intencoes-de-oracao-do-papa-2026\\\/\",\"name\":\"Inten\u00e7\u00f5es de ora\u00e7\u00e3o do Papa para 2026 - Rede Mundial de Ora\u00e7\u00e3o do Papa\",\"isPartOf\":{\"@id\":\"https:\\\/\\\/www.popesprayer.va\\\/pt-pt\\\/#website\"},\"primaryImageOfPage\":{\"@id\":\"https:\\\/\\\/www.popesprayer.va\\\/pt-pt\\\/resource\\\/intencoes-de-oracao-do-papa-2026\\\/#primaryimage\"},\"image\":{\"@id\":\"https:\\\/\\\/www.popesprayer.va\\\/pt-pt\\\/resource\\\/intencoes-de-oracao-do-papa-2026\\\/#primaryimage\"},\"thumbnailUrl\":\"https:\\\/\\\/www.popesprayer.va\\\/wp-content\\\/uploads\\\/2025\\\/09\\\/descarga-21-scaled.jpeg\",\"datePublished\":\"2025-09-23T18:19:43+00:00\",\"dateModified\":\"2026-03-18T12:32:03+00:00\",\"breadcrumb\":{\"@id\":\"https:\\\/\\\/www.popesprayer.va\\\/pt-pt\\\/resource\\\/intencoes-de-oracao-do-papa-2026\\\/#breadcrumb\"},\"inLanguage\":\"pt-PT\",\"potentialAction\":[{\"@type\":\"ReadAction\",\"target\":[\"https:\\\/\\\/www.popesprayer.va\\\/pt-pt\\\/resource\\\/intencoes-de-oracao-do-papa-2026\\\/\"]}]},{\"@type\":\"ImageObject\",\"inLanguage\":\"pt-PT\",\"@id\":\"https:\\\/\\\/www.popesprayer.va\\\/pt-pt\\\/resource\\\/intencoes-de-oracao-do-papa-2026\\\/#primaryimage\",\"url\":\"https:\\\/\\\/www.popesprayer.va\\\/wp-content\\\/uploads\\\/2025\\\/09\\\/descarga-21-scaled.jpeg\",\"contentUrl\":\"https:\\\/\\\/www.popesprayer.va\\\/wp-content\\\/uploads\\\/2025\\\/09\\\/descarga-21-scaled.jpeg\",\"width\":2049,\"height\":2560,\"caption\":\"descarga (21)\"},{\"@type\":\"BreadcrumbList\",\"@id\":\"https:\\\/\\\/www.popesprayer.va\\\/pt-pt\\\/resource\\\/intencoes-de-oracao-do-papa-2026\\\/#breadcrumb\",\"itemListElement\":[{\"@type\":\"ListItem\",\"position\":1,\"name\":\"Home\",\"item\":\"https:\\\/\\\/www.popesprayer.va\\\/pt-pt\\\/\"},{\"@type\":\"ListItem\",\"position\":2,\"name\":\"Inten\u00e7\u00f5es de ora\u00e7\u00e3o do Papa para 2026\"}]},{\"@type\":\"WebSite\",\"@id\":\"https:\\\/\\\/www.popesprayer.va\\\/pt-pt\\\/#website\",\"url\":\"https:\\\/\\\/www.popesprayer.va\\\/pt-pt\\\/\",\"name\":\"Pope's Worldwide Prayer Network\",\"description\":\"Pray together, change the world\",\"publisher\":{\"@id\":\"https:\\\/\\\/www.popesprayer.va\\\/pt-pt\\\/#organization\"},\"potentialAction\":[{\"@type\":\"SearchAction\",\"target\":{\"@type\":\"EntryPoint\",\"urlTemplate\":\"https:\\\/\\\/www.popesprayer.va\\\/pt-pt\\\/?s={search_term_string}\"},\"query-input\":{\"@type\":\"PropertyValueSpecification\",\"valueRequired\":true,\"valueName\":\"search_term_string\"}}],\"inLanguage\":\"pt-PT\"},{\"@type\":\"Organization\",\"@id\":\"https:\\\/\\\/www.popesprayer.va\\\/pt-pt\\\/#organization\",\"name\":\"Rede Mundial de Ora\u00e7\u00e3o do Papa\",\"url\":\"https:\\\/\\\/www.popesprayer.va\\\/pt-pt\\\/\",\"logo\":{\"@type\":\"ImageObject\",\"inLanguage\":\"pt-PT\",\"@id\":\"https:\\\/\\\/www.popesprayer.va\\\/pt-pt\\\/#\\\/schema\\\/logo\\\/image\\\/\",\"url\":\"https:\\\/\\\/www.popesprayer.va\\\/wp-content\\\/uploads\\\/2025\\\/01\\\/Logo-Popes-Worldwide-Prayer-Network-Pontifical-Work-EN-Horizontal.png\",\"contentUrl\":\"https:\\\/\\\/www.popesprayer.va\\\/wp-content\\\/uploads\\\/2025\\\/01\\\/Logo-Popes-Worldwide-Prayer-Network-Pontifical-Work-EN-Horizontal.png\",\"width\":1328,\"height\":228,\"caption\":\"Rede Mundial de Ora\u00e7\u00e3o do Papa\"},\"image\":{\"@id\":\"https:\\\/\\\/www.popesprayer.va\\\/pt-pt\\\/#\\\/schema\\\/logo\\\/image\\\/\"}}]}<\/script>\n<!-- \/ Yoast SEO plugin. -->","yoast_head_json":{"title":"Inten\u00e7\u00f5es de ora\u00e7\u00e3o do Papa para 2026 - Rede Mundial de Ora\u00e7\u00e3o do Papa","robots":{"index":"index","follow":"follow","max-snippet":"max-snippet:-1","max-image-preview":"max-image-preview:large","max-video-preview":"max-video-preview:-1"},"canonical":"https:\/\/www.popesprayer.va\/pt-pt\/resource\/intencoes-de-oracao-do-papa-2026\/","og_locale":"pt_PT","og_type":"article","og_title":"Inten\u00e7\u00f5es de ora\u00e7\u00e3o do Papa para 2026 - Rede Mundial de Ora\u00e7\u00e3o do Papa","og_url":"https:\/\/www.popesprayer.va\/pt-pt\/resource\/intencoes-de-oracao-do-papa-2026\/","og_site_name":"Rede Mundial de Ora\u00e7\u00e3o do Papa","article_modified_time":"2026-03-18T12:32:03+00:00","og_image":[{"width":2049,"height":2560,"url":"https:\/\/www.popesprayer.va\/wp-content\/uploads\/2025\/09\/descarga-21-scaled.jpeg","type":"image\/jpeg"}],"twitter_card":"summary_large_image","twitter_misc":{"Tempo estimado de leitura":"1 minute"},"schema":{"@context":"https:\/\/schema.org","@graph":[{"@type":"WebPage","@id":"https:\/\/www.popesprayer.va\/pt-pt\/resource\/intencoes-de-oracao-do-papa-2026\/","url":"https:\/\/www.popesprayer.va\/pt-pt\/resource\/intencoes-de-oracao-do-papa-2026\/","name":"Inten\u00e7\u00f5es de ora\u00e7\u00e3o do Papa para 2026 - Rede Mundial de Ora\u00e7\u00e3o do Papa","isPartOf":{"@id":"https:\/\/www.popesprayer.va\/pt-pt\/#website"},"primaryImageOfPage":{"@id":"https:\/\/www.popesprayer.va\/pt-pt\/resource\/intencoes-de-oracao-do-papa-2026\/#primaryimage"},"image":{"@id":"https:\/\/www.popesprayer.va\/pt-pt\/resource\/intencoes-de-oracao-do-papa-2026\/#primaryimage"},"thumbnailUrl":"https:\/\/www.popesprayer.va\/wp-content\/uploads\/2025\/09\/descarga-21-scaled.jpeg","datePublished":"2025-09-23T18:19:43+00:00","dateModified":"2026-03-18T12:32:03+00:00","breadcrumb":{"@id":"https:\/\/www.popesprayer.va\/pt-pt\/resource\/intencoes-de-oracao-do-papa-2026\/#breadcrumb"},"inLanguage":"pt-PT","potentialAction":[{"@type":"ReadAction","target":["https:\/\/www.popesprayer.va\/pt-pt\/resource\/intencoes-de-oracao-do-papa-2026\/"]}]},{"@type":"ImageObject","inLanguage":"pt-PT","@id":"https:\/\/www.popesprayer.va\/pt-pt\/resource\/intencoes-de-oracao-do-papa-2026\/#primaryimage","url":"https:\/\/www.popesprayer.va\/wp-content\/uploads\/2025\/09\/descarga-21-scaled.jpeg","contentUrl":"https:\/\/www.popesprayer.va\/wp-content\/uploads\/2025\/09\/descarga-21-scaled.jpeg","width":2049,"height":2560,"caption":"descarga (21)"},{"@type":"BreadcrumbList","@id":"https:\/\/www.popesprayer.va\/pt-pt\/resource\/intencoes-de-oracao-do-papa-2026\/#breadcrumb","itemListElement":[{"@type":"ListItem","position":1,"name":"Home","item":"https:\/\/www.popesprayer.va\/pt-pt\/"},{"@type":"ListItem","position":2,"name":"Inten\u00e7\u00f5es de ora\u00e7\u00e3o do Papa para 2026"}]},{"@type":"WebSite","@id":"https:\/\/www.popesprayer.va\/pt-pt\/#website","url":"https:\/\/www.popesprayer.va\/pt-pt\/","name":"Pope's Worldwide Prayer Network","description":"Pray together, change the world","publisher":{"@id":"https:\/\/www.popesprayer.va\/pt-pt\/#organization"},"potentialAction":[{"@type":"SearchAction","target":{"@type":"EntryPoint","urlTemplate":"https:\/\/www.popesprayer.va\/pt-pt\/?s={search_term_string}"},"query-input":{"@type":"PropertyValueSpecification","valueRequired":true,"valueName":"search_term_string"}}],"inLanguage":"pt-PT"},{"@type":"Organization","@id":"https:\/\/www.popesprayer.va\/pt-pt\/#organization","name":"Rede Mundial de Ora\u00e7\u00e3o do Papa","url":"https:\/\/www.popesprayer.va\/pt-pt\/","logo":{"@type":"ImageObject","inLanguage":"pt-PT","@id":"https:\/\/www.popesprayer.va\/pt-pt\/#\/schema\/logo\/image\/","url":"https:\/\/www.popesprayer.va\/wp-content\/uploads\/2025\/01\/Logo-Popes-Worldwide-Prayer-Network-Pontifical-Work-EN-Horizontal.png","contentUrl":"https:\/\/www.popesprayer.va\/wp-content\/uploads\/2025\/01\/Logo-Popes-Worldwide-Prayer-Network-Pontifical-Work-EN-Horizontal.png","width":1328,"height":228,"caption":"Rede Mundial de Ora\u00e7\u00e3o do Papa"},"image":{"@id":"https:\/\/www.popesprayer.va\/pt-pt\/#\/schema\/logo\/image\/"}}]}},"_links":{"self":[{"href":"https:\/\/www.popesprayer.va\/pt-pt\/wp-json\/wp\/v2\/resource\/85523","targetHints":{"allow":["GET"]}}],"collection":[{"href":"https:\/\/www.popesprayer.va\/pt-pt\/wp-json\/wp\/v2\/resource"}],"about":[{"href":"https:\/\/www.popesprayer.va\/pt-pt\/wp-json\/wp\/v2\/types\/resource"}],"wp:featuredmedia":[{"embeddable":true,"href":"https:\/\/www.popesprayer.va\/pt-pt\/wp-json\/wp\/v2\/media\/88136"}],"wp:attachment":[{"href":"https:\/\/www.popesprayer.va\/pt-pt\/wp-json\/wp\/v2\/media?parent=85523"}],"wp:term":[{"taxonomy":"resources-category","embeddable":true,"href":"https:\/\/www.popesprayer.va\/pt-pt\/wp-json\/wp\/v2\/resources-category?post=85523"}],"curies":[{"name":"wp","href":"https:\/\/api.w.org\/{rel}","templated":true}]}}

Intenções de oração do Papa para 2026

<!-- This site is optimized with the Yoast SEO plugin v27.4 - https://yoast.com/product/yoast-seo-wordpress/ -->
<title>Intenções de oração do Papa para 2026 - Rede Mundial de Oração do Papa</title>
<meta name="robots" content="index, follow, max-snippet:-1, max-image-preview:large, max-video-preview:-1" />
<link rel="canonical" href="https://www.popesprayer.va/pt-pt/resource/intencoes-de-oracao-do-papa-2026/" />
<meta property="og:locale" content="pt_PT" />
<meta property="og:type" content="article" />
<meta property="og:title" content="Intenções de oração do Papa para 2026 - Rede Mundial de Oração do Papa" />
<meta property="og:url" content="https://www.popesprayer.va/pt-pt/resource/intencoes-de-oracao-do-papa-2026/" />
<meta property="og:site_name" content="Rede Mundial de Oração do Papa" />
<meta property="article:modified_time" content="2026-03-18T12:32:03+00:00" />
<meta property="og:image" content="https://www.popesprayer.va/wp-content/uploads/2025/09/descarga-21-scaled.jpeg" />
	<meta property="og:image:width" content="2049" />
	<meta property="og:image:height" content="2560" />
	<meta property="og:image:type" content="image/jpeg" />
<meta name="twitter:card" content="summary_large_image" />
<meta name="twitter:label1" content="Tempo estimado de leitura" />
	<meta name="twitter:data1" content="1 minute" />
<script type="application/ld+json" class="yoast-schema-graph">{"@context":"https:\/\/schema.org","@graph":[{"@type":"WebPage","@id":"https:\/\/www.popesprayer.va\/pt-pt\/resource\/intencoes-de-oracao-do-papa-2026\/","url":"https:\/\/www.popesprayer.va\/pt-pt\/resource\/intencoes-de-oracao-do-papa-2026\/","name":"Intenções de oração do Papa para 2026 - Rede Mundial de Oração do Papa","isPartOf":{"@id":"https:\/\/www.popesprayer.va\/pt-pt\/#website"},"primaryImageOfPage":{"@id":"https:\/\/www.popesprayer.va\/pt-pt\/resource\/intencoes-de-oracao-do-papa-2026\/#primaryimage"},"image":{"@id":"https:\/\/www.popesprayer.va\/pt-pt\/resource\/intencoes-de-oracao-do-papa-2026\/#primaryimage"},"thumbnailUrl":"https:\/\/www.popesprayer.va\/wp-content\/uploads\/2025\/09\/descarga-21-scaled.jpeg","datePublished":"2025-09-23T18:19:43+00:00","dateModified":"2026-03-18T12:32:03+00:00","breadcrumb":{"@id":"https:\/\/www.popesprayer.va\/pt-pt\/resource\/intencoes-de-oracao-do-papa-2026\/#breadcrumb"},"inLanguage":"pt-PT","potentialAction":[{"@type":"ReadAction","target":["https:\/\/www.popesprayer.va\/pt-pt\/resource\/intencoes-de-oracao-do-papa-2026\/"]}]},{"@type":"ImageObject","inLanguage":"pt-PT","@id":"https:\/\/www.popesprayer.va\/pt-pt\/resource\/intencoes-de-oracao-do-papa-2026\/#primaryimage","url":"https:\/\/www.popesprayer.va\/wp-content\/uploads\/2025\/09\/descarga-21-scaled.jpeg","contentUrl":"https:\/\/www.popesprayer.va\/wp-content\/uploads\/2025\/09\/descarga-21-scaled.jpeg","width":2049,"height":2560,"caption":"descarga (21)"},{"@type":"BreadcrumbList","@id":"https:\/\/www.popesprayer.va\/pt-pt\/resource\/intencoes-de-oracao-do-papa-2026\/#breadcrumb","itemListElement":[{"@type":"ListItem","position":1,"name":"Home","item":"https:\/\/www.popesprayer.va\/pt-pt\/"},{"@type":"ListItem","position":2,"name":"Intenções de oração do Papa para 2026"}]},{"@type":"WebSite","@id":"https:\/\/www.popesprayer.va\/pt-pt\/#website","url":"https:\/\/www.popesprayer.va\/pt-pt\/","name":"Pope's Worldwide Prayer Network","description":"Pray together, change the world","publisher":{"@id":"https:\/\/www.popesprayer.va\/pt-pt\/#organization"},"potentialAction":[{"@type":"SearchAction","target":{"@type":"EntryPoint","urlTemplate":"https:\/\/www.popesprayer.va\/pt-pt\/?s={search_term_string}"},"query-input":{"@type":"PropertyValueSpecification","valueRequired":true,"valueName":"search_term_string"}}],"inLanguage":"pt-PT"},{"@type":"Organization","@id":"https:\/\/www.popesprayer.va\/pt-pt\/#organization","name":"Rede Mundial de Oração do Papa","url":"https:\/\/www.popesprayer.va\/pt-pt\/","logo":{"@type":"ImageObject","inLanguage":"pt-PT","@id":"https:\/\/www.popesprayer.va\/pt-pt\/#\/schema\/logo\/image\/","url":"https:\/\/www.popesprayer.va\/wp-content\/uploads\/2025\/01\/Logo-Popes-Worldwide-Prayer-Network-Pontifical-Work-EN-Horizontal.png","contentUrl":"https:\/\/www.popesprayer.va\/wp-content\/uploads\/2025\/01\/Logo-Popes-Worldwide-Prayer-Network-Pontifical-Work-EN-Horizontal.png","width":1328,"height":228,"caption":"Rede Mundial de Oração do Papa"},"image":{"@id":"https:\/\/www.popesprayer.va\/pt-pt\/#\/schema\/logo\/image\/"}}]}</script>
<!-- / Yoast SEO plugin. -->

Intenções de oração do Papa para 2026 - Rede Mundial de Oração do Papa

Rede Mundial de Oração do Papa
